{"id":272,"date":"2021-09-17T15:42:06","date_gmt":"2021-09-17T12:42:06","guid":{"rendered":"http:\/\/kuledoviz.com.tr\/?page_id=272"},"modified":"2021-09-17T16:28:02","modified_gmt":"2021-09-17T13:28:02","slug":"kambiyo-mevzuati-ile-kiymetli-madenler-sorumlu-tedarik-zinciri-uyum-mevzuati-ile-sirket-politikamiz","status":"publish","type":"page","link":"https:\/\/kuledoviz.com.tr\/index.php\/kambiyo-mevzuati-ile-kiymetli-madenler-sorumlu-tedarik-zinciri-uyum-mevzuati-ile-sirket-politikamiz\/","title":{"rendered":"Mevzuat"},"content":{"rendered":"<div id=\"pl-272\"  class=\"panel-layout\" >\n<div id=\"pg-272-0\"  class=\"panel-grid panel-no-style\"  data-style=\"{&quot;background_image_attachment&quot;:false,&quot;background_display&quot;:&quot;tile&quot;,&quot;cell_alignment&quot;:&quot;flex-start&quot;}\"  data-ratio=\"1\"  data-ratio-direction=\"right\" >\n<div id=\"pgc-272-0-0\"  class=\"panel-grid-cell\"  data-weight=\"1\" >\n<div id=\"panel-272-0-0-0\" class=\"so-panel widget widget_text panel-first-child panel-last-child\" data-index=\"0\" data-style=\"{&quot;background&quot;:&quot;#000000&quot;,&quot;background_image_attachment&quot;:false,&quot;background_display&quot;:&quot;tile&quot;,&quot;font_color&quot;:&quot;#ffffff&quot;}\" >\n<div class=\"panel-widget-style panel-widget-style-for-272-0-0-0\" >\n<h3 class=\"widget-title\">A-Kambiyo Mevzuat\u0131<\/h3>\n<div class=\"textwidget\">\n<table width=\"1532\">\n<tbody>\n<tr>\n<td width=\"1532\"><\/td>\n<\/tr>\n<tr>\n<td><strong>A.1.Kanun ve Kararnamelerle Yap\u0131lan D\u00fczenlemeler<\/strong><\/td>\n<\/tr>\n<tr>\n<td>&#8211;\u00a0 <a href=\"https:\/\/ms.hmb.gov.tr\/uploads\/2018\/11\/T%C3%BCrk-Paras%C4%B1n%C4%B1n-K%C4%B1ymetini-Koruma-Hakk%C4%B1nda-1567-say%C4%B1l%C4%B1-Kanun.pdf\">1567 say\u0131l\u0131 T\u00fcrk Paras\u0131n\u0131n K\u0131ymetini Koruma Kanunu (20 \u015eubat 1930)<\/a><\/td>\n<\/tr>\n<tr>\n<td>&#8211; <a href=\"https:\/\/ms.hmb.gov.tr\/uploads\/2021\/02\/TurkParasiKiymetiniKorumaHakkinda32sayiliKarar-19022021.doc\">T\u00fcrk Paras\u0131 K\u0131ymetini Koruma Hakk\u0131nda 32 Say\u0131l\u0131 Karar (Kanun G\u00fcc\u00fcnde Karar)<\/a><\/td>\n<\/tr>\n<tr>\n<td>&#8211;\u00a0 <a href=\"https:\/\/ms.hmb.gov.tr\/uploads\/2018\/11\/elmaskarar.doc\">Ham Elmas D\u0131\u015f Ticaretinin D\u00fczenlenmesi ve Denetlenmesine Dair Karar (Kanun G\u00fcc\u00fcnde Karar)<\/a><\/td>\n<\/tr>\n<tr>\n<td><strong><a href=\"https:\/\/www.hmb.gov.tr\/finansal-piyasalar-ve-kambiyo-mevzuat\">A.2.Hazine ve Maliye Bakanl\u0131\u011f\u0131 (Finansal Piyasalar ve Kambiyo Genel M\u00fcd\u00fcrl\u00fc\u011f\u00fc) Taraf\u0131ndan Yap\u0131lan D\u00fczenlemeler<\/a><\/strong><\/td>\n<\/tr>\n<tr>\n<td>&#8211;\u00a0 <a href=\"https:\/\/ms.hmb.gov.tr\/uploads\/2021\/03\/KIYMETLI-MADENLER-BORSASI-ARACI-KURULUSLARININ-FAALIYET-ESASLARI-ILE-KIYMETLI-MADENLER.pdf\">\u00a0K\u0131ymetli Madenler Borsas\u0131 Arac\u0131 Kurulu\u015flar\u0131n\u0131n Faaliyet Esaslar\u0131 ile K\u0131ymetli Madenler Arac\u0131 Kurumlar\u0131n\u0131n Kurulu\u015fu Hakk\u0131nda Y\u00f6netmelik<\/a><\/td>\n<\/tr>\n<tr>\n<td>&#8211;\u00a0 <a href=\"https:\/\/ms.hmb.gov.tr\/uploads\/2020\/03\/T%C3%BCrk-Paras%C4%B1-K%C4%B1ymetini-Koruma-Hakk%C4%B1nda-32-Say%C4%B1l%C4%B1-Karara-%C4%B0li%C5%9Fkin-Tebli%C4%9F-Tebli%C4%9F-No-2018-3245-Yeni-Tebli%C4%9F.pdf\">Yetkili M\u00fcesseselerle \u0130lgili Tebli\u011f (Yetkili M\u00fcesseselerle \u0130lgili Tebli\u011f (2018-32\/45)<\/a><\/td>\n<\/tr>\n<tr>\n<td>&#8211;\u00a0 <a href=\"https:\/\/ms.hmb.gov.tr\/uploads\/2021\/03\/KIYMETLI-MADEN-STANDARTLARI-VE-RAFINERILERI-HAKKINDA-TEBLIG.pdf\">K\u0131ymetli Maden Standartlar\u0131 ve Rafineleri Hakk\u0131nda Tebli\u011f (2006-1)<\/a><\/td>\n<\/tr>\n<tr>\n<td>&#8211;\u00a0 <a href=\"https:\/\/www.resmigazete.gov.tr\/eskiler\/2018\/04\/20180418-7.htm\">K\u0131ymetli Maden ve Ta\u015f Analizinde Yetki Verilecek Ayar Evlerinin Standartlar\u0131 Se\u00e7imi ve Denetim Esaslar\u0131n\u0131n Belirlenmesine Y\u00f6nelik Tebli\u011f<\/a><\/td>\n<\/tr>\n<tr>\n<td>&#8211;\u00a0 <a href=\"https:\/\/ms.hmb.gov.tr\/uploads\/2018\/11\/HamElmasDisTicaretininDuzenlenmesineveDenetlenmesineDairKararaIliskinTeblig.docx\">Ham Elmas D\u0131\u015f Ticaretinin D\u00fczenlenmesi ve Denetlenmesine Dair Karara \u0130li\u015fkin Tebli\u011f<\/a><\/td>\n<\/tr>\n<tr>\n<td>&#8211;\u00a0 <a href=\"https:\/\/ms.hmb.gov.tr\/uploads\/2021\/02\/Ithalat-Genelgesi-25.02.2021-1.pdf\">\u0130thalata \u0130li\u015fkin Genelge (2020-1)<\/a><\/td>\n<\/tr>\n<tr>\n<td>&#8211;\u00a0 <a href=\"https:\/\/ms.hmb.gov.tr\/uploads\/2021\/03\/2021.03.19-Mali-Guc-Tevsikine-Iliskin-Genelgesi-YM-2021-3.pdf\">Mali G\u00fc\u00e7 Tevsikine \u0130li\u015fkin Genelge (2021-3)<\/a><\/td>\n<\/tr>\n<tr>\n<td>&#8211;\u00a0 <a href=\"https:\/\/ms.hmb.gov.tr\/uploads\/2020\/03\/Yetkili-M%C3%BCessese-Bilgi-Sistemine-%C4%B0li%C5%9Fkin-Genelge-2019-2.pdf\">Yetkili M\u00fcessese Bilgi Sistemine \u0130li\u015fkin Genelge (2019-2)<\/a><\/td>\n<\/tr>\n<tr>\n<td>&#8211;\u00a0 <a href=\"https:\/\/ms.hmb.gov.tr\/uploads\/2020\/03\/Yetkili-M%C3%BCessese-Bilgi-Sistemine-%C4%B0li%C5%9Fkin-Genelge-2018-1.pdf\">Yetkili M\u00fcessese Bilgi Sistemine \u0130li\u015fkin Genelge (2018-1)<\/a><\/td>\n<\/tr>\n<tr>\n<td>&#8211;\u00a0 <a href=\"https:\/\/ms.hmb.gov.tr\/uploads\/2018\/11\/2008-32-35-alt%C4%B1n-depo-tebli%C4%9F-07.09.2018.docx\">T\u00fcrk Paras\u0131 K\u0131ymetini Koruma Hakk\u0131nda 32 Say\u0131l\u0131 Karara \u0130li\u015fkin Tebli\u011f Alt\u0131n Depo Tebli\u011fi (Tebli\u011f No: 2008-32\/35)<\/a><\/td>\n<\/tr>\n<tr>\n<td>&#8211;\u00a0 <a href=\"https:\/\/ms.hmb.gov.tr\/uploads\/2020\/01\/2018-32-48-say%C4%B1l%C4%B1-Tebli%C4%9F.docx\">T\u00fcrk Paras\u0131 K\u0131ymetini Koruma Hakk\u0131nda 32 Say\u0131l\u0131 Karara \u0130li\u015fkin Tebli\u011f (\u0130hracat Bedelleri Hakk\u0131nda) (Tebli\u011f No: 2018-32\/48)<\/a><\/td>\n<\/tr>\n<tr>\n<td>&#8211;\u00a0 <a href=\"https:\/\/ms.hmb.gov.tr\/uploads\/2021\/02\/TPKKH-32-SAYILI-KARARA-ILISKIN-TEBLIG-2008-32-34.doc\">T\u00fcrk Paras\u0131 K\u0131ymetini Koruma Hakk\u0131nda 32 Say\u0131l\u0131 Karara \u0130li\u015fkin Tebli\u011f (Tebli\u011f No: 2008-32\/34)<\/a><\/td>\n<\/tr>\n<tr>\n<td><strong>A.3.Merkez Bankas\u0131 Taraf\u0131ndan Yap\u0131lan D\u00fczenlemeler<\/strong><\/td>\n<\/tr>\n<tr>\n<td>&#8211;\u00a0 <a href=\"https:\/\/www.tcmb.gov.tr\/wps\/wcm\/connect\/d58bd2eb-b966-4765-a0cc-626c507449d8\/Sermaye+Hareketleri+Genelgesi.pdf?MOD=AJPERES&amp;CACHEID=ROOTWORKSPACE-d58bd2eb-b966-4765-a0cc-626c507449d8-nG6ylJB\">Sermaye Hareketleri Genelgesi<\/a><\/td>\n<\/tr>\n<tr>\n<td>&#8211;\u00a0 <a href=\"https:\/\/www.tcmb.gov.tr\/wps\/wcm\/connect\/4c35c9a6-b9de-47b3-8eaf-d62ce152dd57\/1-Msayilibankamizgenelgesi.pdf?MOD=AJPERES&amp;CACHEID=ROOTWORKSPACE-4c35c9a6-b9de-47b3-8eaf-d62ce152dd57-m5lIDgA\">T\u00fcrkiye Cumhuriyeti Merkez Bankas\u0131 I-M Genelgesi<\/a><\/td>\n<\/tr>\n<tr>\n<td>&#8211;\u00a0 <a href=\"https:\/\/www.tcmb.gov.tr\/wps\/wcm\/connect\/e90670f7-fc2e-453c-acd3-88098334b484\/%C4%B0hracat+Genelgesi.pdf?MOD=AJPERES&amp;CACHEID=ROOTWORKSPACE-e90670f7-fc2e-453c-acd3-88098334b484-nGqItz1\">\u0130hracat Genelgesi<\/a><\/td>\n<\/tr>\n<tr>\n<td><strong><a href=\"https:\/\/borsaistanbul.com\/tr\/sayfa\/145\/yonergeler\">A.4.Borsa \u0130stanbul A.\u015e. Taraf\u0131ndan Yap\u0131lan D\u00fczenlemeler<\/a><\/strong><\/td>\n<\/tr>\n<tr>\n<td>&#8211;\u00a0 <a href=\"https:\/\/borsaistanbul.com\/files\/kiymetli-madenler-araci-kuruluslari-ile-rafinerilerin-ic-kontrol-sistemi.pdf\">K\u0131ymetli Maden Arac\u0131 Kurulu\u015flar\u0131 ile Rafinerilerin \u0130\u00e7 Kontrol Sistemi ve Uyum Esaslar\u0131 Hakk\u0131nda Y\u00f6nerge<\/a><\/td>\n<\/tr>\n<tr>\n<td>&#8211;\u00a0 <a href=\"https:\/\/borsaistanbul.com\/files\/sorumlu-tedarik-zinciri-uyum-yonergesi-31yon03-05032021.pdf\">Sorumlu Tedarik Zinciri Uyum Y\u00f6nergesi<\/a><\/td>\n<\/tr>\n<tr>\n<td>&#8211;\u00a0 <a href=\"https:\/\/borsaistanbul.com\/files\/sorumlu-tedarik-zinciri-guvence-denetimi-yonergesi-31yon05-05032021.pdf\">Borsa \u0130stanbul Sorumlu Tedarik Zinciri G\u00fcvence Denetimi Y\u00f6nergesi<\/a><\/td>\n<\/tr>\n<tr>\n<td>&#8211;\u00a0 <a href=\"https:\/\/borsaistanbul.com\/files\/kiymetli-madenler-sorumlu-tedarik-zinciri-uyum-rehberi-05032021.pdf\">Borsa \u0130stanbul K\u0131ymetli Madenler Sorumlu Tedarik Zinciri Uyum Rehberi<\/a><\/td>\n<\/tr>\n<\/tbody>\n<\/table>\n<p>&nbsp;<\/p>\n<\/div><\/div>\n<\/div>\n<\/div>\n<\/div>\n<\/div>\n","protected":false},"excerpt":{"rendered":"<p>A-Kambiyo Mevzuat\u0131 A.1.Kanun ve Kararnamelerle Yap\u0131lan D\u00fczenlemeler &#8211;\u00a0 1567 say\u0131l\u0131 T\u00fcrk Paras\u0131n\u0131n K\u0131ymetini Koruma Kanunu (20 \u015eubat 1930) &#8211; T\u00fcrk Paras\u0131 K\u0131ymetini Koruma Hakk\u0131nda 32 Say\u0131l\u0131 Karar (Kanun G\u00fcc\u00fcnde Karar) &#8211;\u00a0 Ham Elmas D\u0131\u015f Ticaretinin D\u00fczenlenmesi ve Denetlenmesine Dair Karar (Kanun G\u00fcc\u00fcnde Karar) A.2.Hazine ve Maliye Bakanl\u0131\u011f\u0131 (Finansal Piyasalar ve [&hellip;]<\/p>\n","protected":false},"author":1,"featured_media":0,"parent":0,"menu_order":0,"comment_status":"closed","ping_status":"closed","template":"page-templates\/template-fullwidth.php","meta":{"footnotes":""},"class_list":["post-272","page","type-page","status-publish","hentry"],"_links":{"self":[{"href":"https:\/\/kuledoviz.com.tr\/index.php\/wp-json\/wp\/v2\/pages\/272","targetHints":{"allow":["GET"]}}],"collection":[{"href":"https:\/\/kuledoviz.com.tr\/index.php\/wp-json\/wp\/v2\/pages"}],"about":[{"href":"https:\/\/kuledoviz.com.tr\/index.php\/wp-json\/wp\/v2\/types\/page"}],"author":[{"embeddable":true,"href":"https:\/\/kuledoviz.com.tr\/index.php\/wp-json\/wp\/v2\/users\/1"}],"replies":[{"embeddable":true,"href":"https:\/\/kuledoviz.com.tr\/index.php\/wp-json\/wp\/v2\/comments?post=272"}],"version-history":[{"count":12,"href":"https:\/\/kuledoviz.com.tr\/index.php\/wp-json\/wp\/v2\/pages\/272\/revisions"}],"predecessor-version":[{"id":293,"href":"https:\/\/kuledoviz.com.tr\/index.php\/wp-json\/wp\/v2\/pages\/272\/revisions\/293"}],"wp:attachment":[{"href":"https:\/\/kuledoviz.com.tr\/index.php\/wp-json\/wp\/v2\/media?parent=272"}],"curies":[{"name":"wp","href":"https:\/\/api.w.org\/{rel}","templated":true}]}}